 b. Suppose 5*g - 55 = 5*x, 43 = 5*g + x - b*x. Let i = g + -5. List the prime factors of i.
3
Suppose 5*a - 7*w = -2*w + 20, a + w + 4 = 0. Suppose 2 = 2*z - 4*u, 5*z + a*z = -2*u + 65. What are the prime factors of z?
11
Let t(s) be the first derivative of 14*s**3/3 - s**2/2 + s + 4. List the prime factors of t(1).
2, 7
Let l(q) = -q**3 + 8*q**2 - 7*q + 6. Let p = 23 - 16. List the prime factors of l(p).
2, 3
List the prime factors of -31*4*(-7)/14.
2, 31
Suppose -3*a - b + 2 - 30 = 0, -2*a + 3*b = 37. What are the prime factors of (-126)/(-33) + (-2)/a?
2
Suppose 4 = -2*x - 0. Let u(w) = -3*w**3 - w**2 + w - 2. List the prime factors of u(x).
2
Suppose a - 54 = -2*a. Let j = a - 4. What are the prime factors of j?
2, 7
Let s be ((-9)/6)/(1/(-6)). Let o = s + 17. Suppose -2*a - 3*a - o = -3*z, -2*a - 18 = -5*z. List the prime factors of z.
2
Let b = 28 - 26. What are the prime factors of b?
2
Let x = 8 + 1. Let j = x + 5. List the prime factors of j.
2, 7
Suppose -s + 2 + 3 = 0. Suppose -s*z = 26 + 24. Let c(f) = f**2 + 8*f - 8. List the prime factors of c(z).
2, 3
List the prime factors of (32/(-6))/((-1)/6).
2
Let v(z) = -z**2 + 2*z - 2. Let d be v(2). Let q(m) = -m**2 + 8*m - 7. Let j be q(7). What are the prime factors of j + 0 - 14/d?
7
Suppose 14*r - 10*r = -20. Let o = r + 30. What are the prime factors of o?
5
Suppose 4*n = 0, 3*j + 39 = 4*j - n. List the prime factors of j.
3, 13
Suppose -5*u = -2*r - 23, 0 = -3*u + u + r + 9. Suppose -2*h + c + 32 = 0, -u*h + 67 = -0*h + 4*c. List the prime factors of h.
3, 5
Suppose 0 = 2*y + 3*q - 89, -4*y = -3*q - 269 + 64. List the prime factors of y.
7
Let i = -13 - -14. Suppose c = -i + 11. List the prime factors of c.
2, 5
Let o = 8 - -2. Suppose o = 2*w - 36. List the prime factors of w.
23
Let o = 4 - 4. Let h(v) = -v**3 + v**2 - 4. Let a be h(o). List the prime factors of 6/(-9)*66/a.
11
Let r = 217 + -130. What are the prime factors of r?
3, 29
Let j(x) = 0*x**3 - 2*x**2 - 3 - 3*x**3 + 5. Let n be j(-2). Suppose 3*s = -0*s + n. List the prime factors of s.
2, 3
Let t(r) = -r + 1. Let x(o) = -o**3 + 5*o**2 + 3*o - 3. Let s(k) = -5*t(k) - x(k). Let h = 17 - 12. What are the prime factors of s(h)?
2
Let j = -19 + 28. List the prime factors of j.
3
Suppose 0 = 4*v + 5*j - 25 + 8, 0 = v + 5*j - 8. Let n = 95 - 20. Suppose 2*g = -2*r + 30, -5*r - g + v*g = -n. What are the prime factors of r?
3, 5
Let l(h) be the third derivative of 0 + 0*h + 2*h**2 - 5/24*h**4 + 1/60*h**5 - 2/3*h**3. What are the prime factors of l(6)?
2
Let l = 16 - -73. What are the prime factors of l?
89
Let j = -19 - -3. What are the prime factors of (1/2)/((-1)/j)?
2
Let m(o) = 2*o + 27. Let j = 5 + -5. What are the prime factors of m(j)?
3
Let q(l) = 3*l**2 + 6*l - 6. List the prime factors of q(-5).
3, 13
Suppose -22 = -o + 2*c, 2*o - 5*c + 89 = 4*o. Suppose 2*f - o = 3*t - 7*t, 3*f - 30 = -3*t. What are the prime factors of t?
2, 3
Let a(s) = 2*s + 3. What are the prime factors of a(8)?
19
List the prime factors of 292/6 - (-4)/(-6).
2, 3
Let t(i) = -i**2 - 5*i + 1. Let v be t(-5). Let r be 3/v*(-5 + 3). Let m = 11 + r. What are the prime factors of m?
5
Let m = -212 + 319. List the prime factors of m.
107
What are the prime factors of 203 + 1 - (24/4 + -2)?
2, 5
Let h be 2/(-3)*(-27)/2. Let j = 18 - h. Let t = j + -1. List the prime factors of t.
2
Let a = 35 + -18. Let y = a + 19. What are the prime factors of y?
2, 3
Suppose -27 - 5 = -4*s - 3*b, 5*s - 40 = -2*b. List the prime factors of s.
2
Suppose 24 = 4*z + 3*r, 3*z + 5*r + 2 = z. List the prime factors of z.
3
Suppose -2*a + 191 = 3*j, -4*a - j + 355 = -4*j. List the prime factors of a.
7, 13
Let a(i) = i**2 - 6*i - 1. Let l be a(-7). Suppose 5*d + 2*h - 6*h = l, -85 = -5*d + 3*h. List the prime factors of d.
2, 7
List the prime factors of (-2)/(-9) - ((-18886)/63 + 3).
3, 11
List the prime factors of (-1)/5 + (-15216)/(-80).
2, 5, 19
Let o(j) = j**3 - 2*j**2 + 2. Let x be o(2). Suppose -3 = -s + x. List the prime factors of s.
5
Suppose 11*m = 753 + 6. List the prime factors of m.
3, 23
Let t be ((-280)/(-12))/((-4)/(-6)). Suppose t + 111 = 3*q + 5*h, q - 4*h - 26 = 0. What are the prime factors of q?
2, 3, 7
Let c(m) = m**2 + 3*m. Let j be c(-3). Suppose -5*x = -5*v - 50, -x - v + 6 = -j*x. Suppose -x = -2*l + 2. List the prime factors of l.
5
Let l be 0 + 1 - 2/(-2). Let v be 2 - 0 - 0/l. Suppose -a + 11 = -v*i, -2*a + 2*i + 16 = -0*i. List the prime factors of a.
5
Let o(s) = s**3 + 4*s**2 + 3*s + 3. Let b be o(-3). Suppose -5*q = 5, f = b*q + 6 + 12. What are the prime factors of f?
3, 5
Suppose a + 4*k = -19, -k - 28 = -3*a + 4*k. Suppose -a = -4*c + 3. Suppose 3*b - 20 = 5*y - c, 4*y + 20 = 3*b. What are the prime factors of b?
2
Let s = 17 + -26. Let t = s - -23. List the prime factors of t.
2, 7
List the prime factors of (-55)/10*(0 + -4).
2, 11
Let c be (6/5)/((-2)/10). Let l = c + 10. Suppose -n = -3*q - 1, -2*n - 5*q = -20 - l. List the prime factors of n.
7
Suppose -126 = -6*o + 2*o - 2*j, 5*o - 5*j = 135. List the prime factors of o.
2, 3, 5
Let h = -2 + 23. What are the prime factors of h?
3, 7
Let s(h) = h**2 - 2*h - 1. Let g be s(-1). Suppose 2*b + g*n - 8 = 0, -5*b + 5*n = -3*b - 15. What are the prime factors of b?
5
What are the prime factors of (93/12)/(5/20)?
31
Let c = 146 - 20. List the prime factors of c.
2, 3, 7
Let c(j) = 17*j + 7. List the prime factors of c(4).
3, 5
Suppose -i - 2*z = -25, -5*z = 3*i - 4*i + 32. What are the prime factors of i?
3
Suppose 3*x + 3*u - u - 762 = 0, 3*u = 4*x - 999. What are the prime factors of x?
2, 3, 7
Let g(v) be the first derivative of -v**2 - 7. What are the prime factors of g(-6)?
2, 3
Suppose 14 = 4*u + 2. Suppose -u*d + 128 = -d. Suppose k - 3*a - 16 = 0, -4*k + 3*a = 4*a - d. List the prime factors of k.
2
Suppose 3*d = y - 2*y + 8, -2*y + 8 = 2*d. Suppose -6 = 4*k + y. Let m = k - -12. What are the prime factors of m?
2, 5
Suppose 0*v = 5*h - 5*v - 140, -v = 0. What are the prime factors of h?
2, 7
Suppose -2*p - 1560 = -10*p. List the prime factors of p.
3, 5, 13
Suppose 3*t - 15 = -j, -2*j + 20 = 4*t - j. Let k(i) = -2*i**2 - 10. Let m(b) = 5*b**2 - b + 21. Let y(n) = 7*k(n) + 3*m(n). What are the prime factors of y(t)?
3
Let c = 19 - 10. What are the prime factors of (-171)/6*(-6)/c?
19
Suppose -5*u - 194 = -7*u. What are the prime factors of u?
97
Let d = -79 - -208. What are the prime factors of d?
3, 43
Suppose 4*v + j - 208 = 0, -j + 208 = 4*v + 2*j. What are the prime factors of v?
2, 13
Let u be (3/3)/(2/34). Let w = u + -11. Suppose g - w = -0*g. What are the prime factors of g?
2, 3
Suppose 7 = 3*r + 3*j - 8, 2*j - 18 = -4*r. Suppose 3*q = 35 + r. What are the prime factors of q?
13
Let v be (-3)/9 + (-25)/(-3). Let u(r) = 3*r - 11. Let d be u(v). Let z = d + -6. What are the prime factors of z?
7
Suppose -9*k + 96 = -6*k. What are the prime factors of k?
2
Let q be 20/((-3)/((-3)/2)). Let o be q - ((-3)/1)/(-3). List the prime factors of (-169)/(-9) - (-2)/o.
19
Suppose -k - 4*k - 20 = -5*n, 3*k = -2*n + 13. What are the prime factors of n?
5
Suppose 31*f - 43*f = -5292. What are the prime factors of f?
3, 7
Let i = 157 - 94. List the prime factors of i.
3, 7
Let d = 48 - 69. Let g = -15 - d. List the prime factors of g.
2, 3
Let v be -4*1/2 - -10. Let l = v - 8. Suppose l*y + 45 = 5*y. List the prime factors of y.
3
Let k be (4 - -11) + 0/(-3). Suppose 5*f - 6 = 44. Suppose b - 14 = -5*g + k, 0 = -2*g + f. What are the prime factors of b?
2
List the prime factors of 87/2*28/42.
29
Suppose 0 = 5*p - 125 - 20. List the prime factors of p.
29
Let s = 140 + -9. What are the prime factors of s?
131
List the prime factors of 1 + (904/18 - (-12)/(-54)).
3, 17
Let f = -32 + 95. What are the prime factors of f?
3, 7
Let f be -48*(2 - 10/4). Let q = 13 - f. Let h(n) = -2*n - 12. What are the prime factors of h(q)?
2, 5
Suppose -h = -35 + 10. Suppose 5*u = 4*u + h. List the prime factors of u.
5
Suppose -q + 3*j - 8 = -3, -q - 3*j + 1 = 0. Let b be q - ((-99)/(-3))/(-3). Suppose -v = -t - 1, 4 = -t + b. What are the prime factors of v?
2, 3
Let i be 1 + 2*18 - 1. Suppose 4*m = i + 48. List the prime factors of m.
3, 7
Suppose -5*i + 204 + 41 = 0. Suppose 5*o + i - 164 = 0. Suppose 2